1168111 a multiple of 7?
True
Does 667 divide 34011?
False
Is 17045 a multiple of 35?
True
Is 612425 a multiple of 186?
False
Is 51 a factor of 616892?
False
Is 16 a factor of 3097766?
False
Is 736 a factor of 7787959?
False
Is 10 a factor of 201015?
False
Is 38432 a multiple of 9?
False
Is 131 a factor of 291082?
True
Is 38 a factor of 13420954?
True
Is 480 a factor of 182400?
True
Does 326 divide 209618?
True
Is 18 a factor of 157940?
False
Is 36 a factor of 46575?
False
Does 43 divide 1624761?
False
Does 582 divide 212430?
True
Is 50 a factor of 140578?
False
Does 284 divide 4034809?
False
Is 203266 a multiple of 8?
False
Is 181 a factor of 1948998?
False
Is 17602 a multiple of 7?
False
Is 57594 a multiple of 174?
True
Is 7 a factor of 2963697?
False
Does 193 divide 596177?
True
Is 21 a factor of 3651?
False
Is 70 a factor of 1680420?
True
Does 203 divide 18340?
False
Does 22 divide 22595430?
True
Is 886144 a multiple of 56?
True
Is 871474 a multiple of 8?
False
Is 3 a factor of 7449?
True
Does 23 divide 506021?
False
Does 301 divide 2045897?
True
Is 1144968 a multiple of 22?
True
Does 370 divide 1185481?
False
Is 6158193 a multiple of 13?
False
Is 110165 a multiple of 34?
False
Is 35 a factor of 13271720?
True
Is 120 a factor of 389921?
False
Is 6 a factor of 625443?
False
Is 16 a factor of 26096?
True
Does 101 divide 219069?
True
Is 191 a factor of 495645?
True
Does 27 divide 583338?
False
Does 24 divide 26547?
False
Is 31 a factor of 1787336?
True
Is 80 a factor of 2589920?
True
Is 10 a factor of 19140?
True
Does 94 divide 632644?
False
Does 17 divide 23035?
True
Does 303 divide 527022?
False
Is 6052 a multiple of 6?
False
Is 406253 a multiple of 148?
False
Is 1179945 a multiple of 27?
False
Is 58652 a multiple of 341?
True
Does 72 divide 421056?
True
Is 21 a factor of 299966?
False
Is 474 a factor of 8238594?
True
Is 9043488 a multiple of 1106?
False
Is 273 a factor of 96369?
True
Is 175095 a multiple of 53?
False
Is 339 a factor of 9664551?
True
Is 1246400 a multiple of 76?
True
Does 35 divide 117403?
False
Is 8951547 a multiple of 33?
True
Does 718 divide 1826592?
True
Is 1906008 a multiple of 509?
False
Is 246 a factor of 116369?
False
Is 7 a factor of 766514?
True
Does 11 divide 107822?
True
Does 55 divide 3875795?
True
Is 2173386 a multiple of 25?
False
Does 12 divide 3207840?
True
Does 473 divide 598101?
False
Does 16 divide 237198?
False
Does 17 divide 5003661?
True
Is 528129 a multiple of 707?
True
Is 5 a factor of 466390?
True
Is 140 a factor of 2436682?
False
Is 507150 a multiple of 315?
True
Is 439 a factor of 197225?
False
Is 85 a factor of 206315?
False
Does 4 divide 20260?
True
Is 16160067 a multiple of 567?
True
Is 120640 a multiple of 58?
True
Is 331059 a multiple of 9?
False
Does 9 divide 1704440?
False
Is 9 a factor of 47990?
False
Is 270963 a multiple of 693?
True
Does 57 divide 408804?
True
Is 288 a factor of 46941?
False
Is 7799815 a multiple of 1286?
False
Is 1090421 a multiple of 278?
False
Does 289 divide 2390537?
False
Is 6 a factor of 13599?
False
Does 63 divide 5305671?
True
Is 161 a factor of 2009924?
True
Is 447680 a multiple of 130?
False
Does 111 divide 61762?
False
Is 53 a factor of 1833897?
False
Does 34 divide 79696?
True
Is 81 a factor of 385803?
True
Does 17 divide 5729?
True
Is 2086 a factor of 25749584?
True
Does 18 divide 6202912?
False
Is 51 a factor of 111387?
False
Is 248665 a multiple of 209?
False
Is 498066 a multiple of 1542?
True
Does 126 divide 6258?
False
Is 166241 a multiple of 107?
False
Is 441456 a multiple of 408?
True
Does 993 divide 6200684?
False
Is 1054530 a multiple of 45?
True
Is 73786 a multiple of 79?
True
Is 41 a factor of 23231360?
False
Is 176 a factor of 1326512?
True
Is 439278 a multiple of 9?
False
Does 327 divide 6102147?
True
Does 5 divide 630540?
True
Does 92 divide 3404276?
True
Does 11 divide 1326349?
False
Does 815 divide 1531385?
True
Does 1586 divide 14004380?
True
Does 14 divide 5080781?
False
Does 139 divide 119262?
True
Is 39932 a multiple of 9?
False
Does 96 divide 1040448?
True
Does 1082 divide 6216090?
True
Is 153120 a multiple of 4?
True
Is 2826600 a multiple of 14?
True
Does 569 divide 435854?
True
Does 114 divide 15733?
False
Is 109 a factor of 17906197?
False
Does 16 divide 11473888?
True
Is 6 a factor of 129132?
True
Is 223533 a multiple of 286?
False
Is 845 a factor of 1981635?
False
Is 23 a factor of 670105?
True
Is 802740 a multiple of 155?
False
Is 560728 a multiple of 476?
True
Is 141902 a multiple of 5?
False
Is 298650 a multiple of 110?
True
Is 17 a factor of 9010?
True
Does 195 divide 22232925?
True
Does 448 divide 545470?
False
Is 1585 a factor of 3583685?
True
Does 25 divide 35301?
False
Is 563480 a multiple of 51?
False
Is 1860370 a multiple of 30?
False
Is 2 a factor of 36213?
False
Is 11 a factor of 128392?
True
Is 1292044 a multiple of 12?
False
Does 68 divide 14078987?
False
Is 11 a factor of 189585?
True
Does 17 divide 2949725?
False
Is 40748 a multiple of 2?
True
Does 36 divide 3876418?
False
Is 478293 a multiple of 101?
False
Is 6 a factor of 67012?
False
Does 70 divide 246868?
False
Does 21 divide 318479?
False
Does 6 divide 394617?
False
Does 15 divide 7435140?
True
Is 782 a factor of 981949?
False
Is 75 a factor of 3798000?
True
Is 202 a factor of 19998?
True
Is 84 a factor of 240989?
False
Does 13 divide 1531637?
False
Is 2954616 a multiple of 7?
True
Does 638 divide 5764968?
True
Is 14 a factor of 7996952?
False
Does 16 divide 37972?
False
Is 1712787 a multiple of 339?
False
Does 30 divide 65643?
False
Does 21 divide 497049?
True
Does 41 divide 3629935?
True
Is 886521 a multiple of 19?
True
Is 40 a factor of 370280?
True
Does 2 divide 24612?
True
Is 33507 a multiple of 30?
False
Is 2002338 a multiple of 26?
True
Does 334 divide 1240467?
False
Is 6701793 a multiple of 150?
False
Does 20 divide 71580?
True
Is 146 a factor of 289930?
False
Is 248 a factor of 4658338?
False
Is 115 a factor of 10865777?
False
Is 32 a factor of 105920?
True
Does 9 divide 35513?
False
Is 9953 a multiple of 6?
False
Does 1190 divide 1635428?
False
Does 123 divide 122548?
False
Is 313 a factor of 678897?
True
Is 57 a factor of 6635541?
True
Is 22 a factor of 196262?
True
Is 292 a factor of 329099?
False
Is 1645692 a multiple of 58?
True
Is 15197127 a multiple of 2010?
False
Does 421 divide 510999?
False
Is 43 a factor of 419259?
False
Is 5 a factor of 1413748?
False
Does 56 divide 35309?
False
Does 4 divide 1623946?
False
Is 1641511 a multiple of 103?
True
Does 256 divide 479856?
False
Does 3 divide 66895?
False
Is 10 a factor of 194186?
False
Is 477593 a multiple of 310?
False
Is 13 a factor of 191009?
True
Does 8 divide 217973?
False
Does 5 divide 45097?
False
Does 3 divide 500190?
True
Is 578 a factor of 294780?
True
Does 84 divide 219584?
False
Does 19 divide 21413?
True
Is 31 a factor of 448996?
False
Is 125970 a multiple of 323?
True
Does 4 divide 101773?
False
Is 9 a factor of 1877670?
True
Is 106297 a multiple of 42?
False
Does 18 divide 270655?
False
Is 58395 a multiple of 51?
True
Does 89 divide 96515?
False
Does 181 divide 1821954?
False
Is 240814 a multiple of 351?
False
Is 191925 a multiple of 89?
False
Does 29 divide 184792?
False
Does 5 divide 21178?
False
Is 23282 a multiple of 14?
True
Is 131357 a multiple of 2?
False
Is 33 a factor of 331881?
True
Is 89 a factor of 3280629?
True
Is 5 a factor of 14220652?
False
Is 324814 a multiple of 427?
False
Does 50 divide 4466?
False
Is 655222 a multiple of 9?
False
Is 12 a factor of 8040?
True
Is 242073 a multiple of 3?
True
Does 56 divide 2835560?
True
Is 336 a factor of 5520144?
True
Is 73458 a multiple of 318?
True
Does 8 divide 6148743?
False
Is 46 a factor of 3018474?
True
Is 699 a factor of 2084066?
False
Does 18 divide 2797664?
False
Does 210 divide 122640?
True
Is 4865559 a multiple of 4?
False
Is 5934 a multiple of 6?
True
Does 19 divide 860253?
False
Is 65 a factor of 6274576?
False
Does 545 divide 1644086?
False
Is 594933 a multiple of 56?
False
Is 28219823 a multiple of 44?
False
Does 16 divide 6441504?
True
Is 3139560 a multiple of 36?
True
Is 14871362 a multiple of 39?
False
Is 16968 a multiple of 6?
True
Is 21 a factor of 270921?
True
Is 3014742 a multiple of 13?
False
Is 1648824